[INFO] fetching crate bip39_rs 0.6.0-beta.1...
[INFO] checking bip39_rs-0.6.0-beta.1 against master#af3c6e733a40e671550e0f0f5aeecaa13772ba56 for pr-74989
[INFO] extracting crate bip39_rs 0.6.0-beta.1 into /workspace/builds/worker-0/source
[INFO] validating manifest of crates.io crate bip39_rs 0.6.0-beta.1 on toolchain af3c6e733a40e671550e0f0f5aeecaa13772ba56
[INFO] running `Command { std: "/workspace/cargo-home/bin/cargo" "+af3c6e733a40e671550e0f0f5aeecaa13772ba56" "read-manifest" "--manifest-path" "Cargo.toml", kill_on_drop: false }`
[INFO] started tweaking crates.io crate bip39_rs 0.6.0-beta.1
[INFO] finished tweaking crates.io crate bip39_rs 0.6.0-beta.1
[INFO] tweaked toml for crates.io crate bip39_rs 0.6.0-beta.1 written to /workspace/builds/worker-0/source/Cargo.toml
[INFO] running `Command { std: "/workspace/cargo-home/bin/cargo" "+af3c6e733a40e671550e0f0f5aeecaa13772ba56" "generate-lockfile" "--manifest-path" "Cargo.toml" "-Zno-index-update", kill_on_drop: false }`
[INFO] running `Command { std: "/workspace/cargo-home/bin/cargo" "+af3c6e733a40e671550e0f0f5aeecaa13772ba56" "fetch" "--locked" "--manifest-path" "Cargo.toml", kill_on_drop: false }`
[INFO] running `Command { std: "docker" "create" "-v" "/var/lib/crater-agent-workspace/builds/worker-0/target:/opt/rustwide/target:rw,Z" "-v" "/var/lib/crater-agent-workspace/builds/worker-0/source:/opt/rustwide/workdir:ro,Z" "-v" "/var/lib/crater-agent-workspace/cargo-home:/opt/rustwide/cargo-home:ro,Z" "-v" "/var/lib/crater-agent-workspace/rustup-home:/opt/rustwide/rustup-home:ro,Z" "-e" "SOURCE_DIR=/opt/rustwide/workdir" "-e" "CARGO_TARGET_DIR=/opt/rustwide/target" "-e" "CARGO_HOME=/opt/rustwide/cargo-home" "-e" "RUSTUP_HOME=/opt/rustwide/rustup-home" "-w" "/opt/rustwide/workdir" "-m" "1610612736" "--user" "0:0" "--network" "none" "rustops/crates-build-env@sha256:d92eaeed33fa75130ca1ee6c8a01d1ffb62bac859dfdfb3450e3e5d1c0146529" "/opt/rustwide/cargo-home/bin/cargo" "+af3c6e733a40e671550e0f0f5aeecaa13772ba56" "metadata" "--no-deps" "--format-version=1", kill_on_drop: false }`
[INFO] [stdout] 276a951dbd5e75f200fc02c91362960c2c74837cc077942c44fcda6a17b48dda
[INFO] [stderr] WARNING: Your kernel does not support swap limit capabilities or the cgroup is not mounted. Memory limited without swap.
[INFO] running `Command { std: "docker" "start" "-a" "276a951dbd5e75f200fc02c91362960c2c74837cc077942c44fcda6a17b48dda", kill_on_drop: false }`
[INFO] running `Command { std: "docker" "inspect" "276a951dbd5e75f200fc02c91362960c2c74837cc077942c44fcda6a17b48dda", kill_on_drop: false }`
[INFO] running `Command { std: "docker" "rm" "-f" "276a951dbd5e75f200fc02c91362960c2c74837cc077942c44fcda6a17b48dda", kill_on_drop: false }`
[INFO] [stdout] 276a951dbd5e75f200fc02c91362960c2c74837cc077942c44fcda6a17b48dda
[INFO] running `Command { std: "docker" "create" "-v" "/var/lib/crater-agent-workspace/builds/worker-0/target:/opt/rustwide/target:rw,Z" "-v" "/var/lib/crater-agent-workspace/builds/worker-0/source:/opt/rustwide/workdir:ro,Z" "-v" "/var/lib/crater-agent-workspace/cargo-home:/opt/rustwide/cargo-home:ro,Z" "-v" "/var/lib/crater-agent-workspace/rustup-home:/opt/rustwide/rustup-home:ro,Z" "-e" "SOURCE_DIR=/opt/rustwide/workdir" "-e" "CARGO_TARGET_DIR=/opt/rustwide/target" "-e" "CARGO_INCREMENTAL=0" "-e" "RUST_BACKTRACE=full" "-e" "RUSTFLAGS=--cap-lints=forbid" "-e" "CARGO_HOME=/opt/rustwide/cargo-home" "-e" "RUSTUP_HOME=/opt/rustwide/rustup-home" "-w" "/opt/rustwide/workdir" "-m" "1610612736" "--user" "0:0" "--network" "none" "rustops/crates-build-env@sha256:d92eaeed33fa75130ca1ee6c8a01d1ffb62bac859dfdfb3450e3e5d1c0146529" "/opt/rustwide/cargo-home/bin/cargo" "+af3c6e733a40e671550e0f0f5aeecaa13772ba56" "check" "--frozen" "--all" "--all-targets" "--message-format=json", kill_on_drop: false }`
[INFO] [stderr] WARNING: Your kernel does not support swap limit capabilities or the cgroup is not mounted. Memory limited without swap.
[INFO] [stdout] 482a64fd6a5c1536813f42921e48bfd8f1079295df0549851c56f33ec6b67a1c
[INFO] running `Command { std: "docker" "start" "-a" "482a64fd6a5c1536813f42921e48bfd8f1079295df0549851c56f33ec6b67a1c", kill_on_drop: false }`
[INFO] [stderr]     Checking rand_core v0.4.2
[INFO] [stderr]    Compiling byteorder v1.3.4
[INFO] [stderr]     Checking subtle v1.0.0
[INFO] [stderr]     Checking lock_api v0.1.5
[INFO] [stderr]     Checking generic-array v0.12.3
[INFO] [stderr]    Compiling parking_lot_core v0.4.0
[INFO] [stderr]    Compiling failure_derive v0.1.8
[INFO] [stderr]     Checking crypto-mac v0.7.0
[INFO] [stderr]     Checking digest v0.8.1
[INFO] [stderr]     Checking rand_core v0.3.1
[INFO] [stderr]     Checking rand_os v0.1.3
[INFO] [stderr]     Checking rand_pcg v0.1.2
[INFO] [stderr]     Checking rand_jitter v0.1.4
[INFO] [stderr]     Checking rand_chacha v0.1.1
[INFO] [stderr]     Checking rand_hc v0.1.0
[INFO] [stderr]     Checking rand_xorshift v0.1.1
[INFO] [stderr]     Checking rand_isaac v0.1.1
[INFO] [stderr]     Checking hmac v0.7.1
[INFO] [stderr]     Checking rand v0.6.5
[INFO] [stderr]     Checking block-buffer v0.7.3
[INFO] [stderr]     Checking hashbrown v0.1.8
[INFO] [stderr]     Checking pbkdf2 v0.3.0
[INFO] [stderr]     Checking sha2 v0.8.2
[INFO] [stderr]     Checking failure v0.1.8
[INFO] [stderr]     Checking parking_lot v0.7.1
[INFO] [stderr]     Checking once_cell v0.1.8
[INFO] [stderr]     Checking bip39_rs v0.6.0-beta.1 (/opt/rustwide/workdir)
[INFO] [stdout] error[E0463]: can't find crate for `bip39`
[INFO] [stdout]  --> tests/validate.rs:1:1
[INFO] [stdout]   |
[INFO] [stdout] 1 | extern crate bip39;
[INFO] [stdout]   | ^^^^^^^^^^^^^^^^^^^ can't find crate
[INFO] [stdout] 
[INFO] [stdout] 
[INFO] [stdout] error: aborting due to previous error
[INFO] [stdout] 
[INFO] [stdout] 
[INFO] [stdout] For more information about this error, try `rustc --explain E0463`.
[INFO] [stdout] 
[INFO] [stderr] error: could not compile `bip39_rs`.
[INFO] [stderr] 
[INFO] [stderr] To learn more, run the command again with --verbose.
[INFO] [stderr] warning: build failed, waiting for other jobs to finish...
[INFO] [stdout] error[E0463]: can't find crate for `bip39`
[INFO] [stdout]  --> tests/generate.rs:1:1
[INFO] [stdout]   |
[INFO] [stdout] 1 | extern crate bip39;
[INFO] [stdout]   | ^^^^^^^^^^^^^^^^^^^ can't find crate
[INFO] [stdout] 
[INFO] [stdout] 
[INFO] [stdout] error: aborting due to previous error
[INFO] [stdout] 
[INFO] [stdout] 
[INFO] [stdout] For more information about this error, try `rustc --explain E0463`.
[INFO] [stdout] 
[INFO] [stdout] error[E0463]: can't find crate for `bip39`
[INFO] [stdout]  --> benches/bench.rs:4:1
[INFO] [stdout]   |
[INFO] [stdout] 4 | extern crate bip39;
[INFO] [stdout]   | ^^^^^^^^^^^^^^^^^^^ can't find crate
[INFO] [stdout] 
[INFO] [stdout] 
[INFO] [stdout] error: aborting due to previous error
[INFO] [stdout] 
[INFO] [stdout] 
[INFO] [stdout] For more information about this error, try `rustc --explain E0463`.
[INFO] [stdout] 
[INFO] [stderr] error: build failed
[INFO] running `Command { std: "docker" "inspect" "482a64fd6a5c1536813f42921e48bfd8f1079295df0549851c56f33ec6b67a1c", kill_on_drop: false }`
[INFO] running `Command { std: "docker" "rm" "-f" "482a64fd6a5c1536813f42921e48bfd8f1079295df0549851c56f33ec6b67a1c", kill_on_drop: false }`
[INFO] [stdout] 482a64fd6a5c1536813f42921e48bfd8f1079295df0549851c56f33ec6b67a1c
